- 890 = -5*w, -d = -3*w + 421 + 105. What is the tens digit of (-32)/w - (-21322)/22?
6
Let b(s) = -5*s**2 - 143*s + 31. Let k(o) = 6*o**2 + 181*o - 31. Let c(q) = 5*b(q) + 4*k(q). Let z(a) = a + 3. Let p be z(4). What is the units digit of c(p)?
5
Suppose -13*x - 113277 = -3*m - 10*x, -3*m + 113235 = 4*x. What is the thousands digit of m?
7
Suppose -117*f + 112*f = -70. Suppose -1272 - 716 = -f*b. What is the hundreds digit of b?
1
Let q(p) = -279*p + 279*p - 4 + p**3 - 2*p**2. Let y be q(3). Suppose -71 = -2*a - 3*a + m, -2*a - y*m + 23 = 0. What is the units digit of a?
4
Let s be 6*(46/3 - 0). Suppose 0 = -13*m + 42 + 491. Suppose -3*o + s = m. What is the tens digit of o?
1
Let w = -15803 + 35990. What is the hundreds digit of w?
1
Suppose -5*n - 2*k - 75 = 0, 12 = 6*n - 5*n - 5*k. Let w(c) = -75*c - 6. What is the units digit of w(n)?
9
Suppose 3*o - 4*o + 2 = 0. Suppose 3*a - o*x = 267, x + 317 + 121 = 5*a. What is the tens digit of a?
8
Suppose 184 - 100 = 7*c. Suppose -21*j + c*j = -6228. What is the units digit of j?
2
Let z = -6478 + 24876. What is the thousands digit of z?
8
Suppose 3*r + 3*u = 15135, 5392 = r - u + 351. What is the units digit of r?
3
Let t = -1511 + 514. Let g = -455 - t. What is the tens digit of g?
4
Let w = 95 + -98. What is the hundreds digit of (w - -2 - -253) + 5?
2
Let d be (-4)/(-6)*(-5 - 4). Let a be (d - -3)/(-3) + 3. Suppose a*h - 15 = h. What is the units digit of h?
5
Let o = 10348 - 7188. What is the tens digit of o?
6
Let j be (-218)/(-5)*(-30)/3. Let q = -108 - j. What is the tens digit of q?
2
Suppose 130*n - 161*n = -274288. What is the tens digit of n?
4
Let c(i) = 10*i + 25. Let k be c(-2). Let h(z) = 77*z - 9. What is the tens digit of h(k)?
7
Let w(c) = c**2 - 9*c - 10. Let q be w(13). Let l(s) = 48*s**3 - s**2 - s + 1. Let n be l(1). Let m = n - q. What is the units digit of m?
5
Let p(g) = -5565*g + 2388. What is the tens digit of p(-7)?
4
Suppose 178*x - 130221 = 165*x. What is the tens digit of x?
1
Suppose -105*x + 186619 = -162821. What is the tens digit of x?
2
Suppose 4*j - 9*j + 27344 = -2*c, 4*c = 2*j - 54656. What is the units digit of c/(-21) + ((-64)/28)/4?
0
Suppose 4*p + 72 = -4*p. Let o = -7 - p. Suppose 4*u - o = 314. What is the tens digit of u?
7
Let t(j) = j**3 - 48*j**2 + 130*j + 873. What is the tens digit of t(51)?
0
Let w = -1870 + 2873. What is the units digit of w?
3
Let i(v) = -v**3 + 2*v**2 + 7*v + 14003. What is the tens digit of i(0)?
0
Let o(p) = -p + 10. Suppose 3*g + 12 = 0, 4*y = -3*g + 21 - 1. Let a be o(y). Suppose 2*d = -a*d - 4*u + 240, -2*d = -u - 132. What is the tens digit of d?
6
Let g(r) = -9*r**2 + 41*r - 45. Let t be g(13). Let h = -328 - t. What is the hundreds digit of h?
7
Let y = -2698 - -6297. What is the hundreds digit of y?
5
Let z(d) = -d**2 + 5*d + 6. Let p be z(5). Let w = 3478 + -3458. Let t = w + p. What is the tens digit of t?
2
Suppose -97*k + 1189099 = 34*k - 5425091. What is the tens digit of k?
9
Suppose 0 = -9*a + 27915 + 7149. What is the tens digit of a?
9
Let b(y) = 11*y**2 + 23*y - 13. Let s(r) = -4*r**2 - 8*r + 4. Let d(i) = 3*b(i) + 8*s(i). Let z be d(-5). What is the units digit of z - -8 - (-86 - 2)?
9
Let p = -230 - -222. Let o(w) = w**2 - 13*w - 64. What is the hundreds digit of o(p)?
1
Let u be ((-5)/(-10))/(5/(-120)*2). What is the units digit of 1/(u/9864*-4)?
1
Let o = -18697 - -27600. What is the hundreds digit of o?
9
Suppose g + 5*g - 30 = 0. Suppose k = 12 + g. Suppose -k*n + 1923 = -1885. What is the units digit of n?
4
Let y(b) = -b**3 + 7*b**2 + 5*b - 29. Let d be y(7). What is the tens digit of (482/(-3))/1*d/(-4)?
4
Let u(c) = c**2 + c + 1. Let a(n) = -n**3 + 14*n**2 + 7*n - 27. Let p(l) = -a(l) + 2*u(l). What is the hundreds digit of p(14)?
3
Let w(d) = d**2 + 9*d - 22. Let v be w(-11). Suppose v = f - 4*q - 64, 0*f + 2*f = -4*q + 128. Let k = f + -35. What is the units digit of k?
9
Suppose -2 = 5*b + 4*t, -5*t - 7 = 4*b - 0*t. Let h = 159 - -27. Suppose 4*p - h = b. What is the units digit of p?
7
Let v be (-4 - (-794 + (2 - 0))) + -2. Let k = v + 566. What is the thousands digit of k?
1
Let n = -779 + 349. Let i = n - -238. What is the units digit of i/(-3) + 0 + 2?
6
Let u = -78796 - -134201. What is the hundreds digit of u?
4
Let w = 330 + -740. Let y = -288 - w. What is the tens digit of y?
2
Let g(z) = -15*z + 9. Let k be g(17). Let a = 533 + k. What is the tens digit of a?
8
Suppose 2*l = 3*h + h - 36, 0 = -4*h + l + 34. Suppose -3*p - 4*i = -i - 6, p = -3*i - h. Suppose p*f - f = 204. What is the units digit of f?
4
Let w(h) = 3*h + 28. Let k be w(-8). Suppose k*s + 4*s = 0. Suppose -189 = -s*c - 7*c. What is the tens digit of c?
2
Let l = -52 - -65. Suppose g - l + 9 = 0. Suppose o - 6*h + 4*h - 5 = 0, 4*h + 40 = g*o. What is the units digit of o?
5
Suppose 0 = p + 2*v - 30, -2 = -3*v - 5. Suppose p*c = 35*c - 540. What is the hundreds digit of c?
1
Let h be -2 - (-6 - (-2 + 2)). Suppose 5*u = -o + 762, u + h*u + 3123 = 4*o. What is the units digit of o?
7
Suppose 244119 - 380132 - 542387 = -256*t. What is the tens digit of t?
5
Let p be (-6)/(-27) + (-2)/((-54)/183). Suppose 29*u - p*u - 660 = 0. What is the tens digit of u?
3
What is the thousands digit of 3536/102*3*214 - 5?
2
Let g be (2 + 0)/(8 + (-8637)/1080). Suppose 2*j - g = -4*f, -f = 4*j - 18 - 148. What is the units digit of f?
2
Let v = 2068 + 3428. What is the tens digit of v?
9
Let k(z) = z**3 + 5*z**2 - 5*z + 10. Let l be k(-6). Suppose -l*p = -p. Suppose p = 5*w - 3*t + 4*t - 636, 0 = w + t - 124. What is the units digit of w?
8
Let m(j) = 22*j**2 + 1. Let s = 43 - 29. Suppose 0 = s*r - 15*r - 1. What is the units digit of m(r)?
3
Let v(f) = 8*f**3 + 7*f**2 + 3*f + 10. Let a be v(8). Suppose 8*z + a = 15*z. What is the tens digit of z?
5
Suppose 15*y - 71 = 34. Suppose -695 = -y*z + 1405. What is the units digit of z?
0
Suppose 56473 = -119*d + 45666 + 1163441. What is the units digit of d?
6
Let r = 20211 - -24526. What is the units digit of r?
7
Suppose 5*i = -1893 - 1997. Let k = i - -537. Let h = k - -453. What is the units digit of h?
2
Let v be (-1)/(555/(-280) + 2). Let m be 2/(-7) + (-296)/v + -2. Suppose m*s = 4*k - 522, -5*k - 4*s - 282 = -950. What is the units digit of k?
2
Suppose 28*l - 17*l + 1166 = 0. What is the units digit of 44*(l/32)/((-14)/56)?
3
Let l(r) = -r**2 + 6*r - 3. Let u be l(1). What is the tens digit of 11 + (10 - 6)/(2*u)?
1
Let n be 34 + 0 + -4 - -1. Suppose 2*f + j = -f + n, -5*j + 5 = 0. Suppose 9*u = f*u - 23. What is the tens digit of u?
2
Suppose -4*r = -20, -5*w = 3*r - 8*r + 25. Let s(y) = y**2 + 2*y + 342. What is the units digit of s(w)?
2
Suppose 18*d - 9*d = -720. What is the hundreds digit of (d/(-20))/(6/459)?
3
Let c(q) = -2 + 0*q - 314*q**2 + 315*q**2 + 150*q**3 - 2*q. Let v be c(-1). Let u = v - -270. What is the hundreds digit of u?
1
Suppose -48*r + 81*r - 88168 = -28834. What is the units digit of r?
8
Suppose 0*g - 306579 = -7*g. Suppose g = 18*m + 741. Suppose 20*d = m + 208. What is the units digit of d?
0
Suppose 26*g = 30*g - 7896. What is the tens digit of g?
7
Suppose -4*o = 6*o - 5*p - 102430, 0 = -4*o + p + 40970. What is the tens digit of o?
4
What is the units digit of -14 - 17/((-221)/60671)?
3
Suppose 0 = -4*g + 97*k - 101*k + 1888, 4*g - 1896 = 4*k. What is the units digit of g - (5 - 5) - -5?
8
Let p(k) = 0*k**2 + k + 4*k**2 + 19 - 5*k**2 - 23. Let l be p(4). What is the units digit of -144*-2*(-4)/l?
2
Suppose 2*l = 10 + 2. Suppose l*o - 3452 = 916. What is the hundreds digit of o?
7
Suppose 0 = 3*r - r - 1906. What is the units digit of r?
3
Suppose -2*k - 16 = -0*k. Let v(g) be the second derivative of g**5/20 + 11*g**4/12 - g**3 - 19*g**2/2 - 28*g + 5. What is the units digit of v(k)?
1
Suppose 26*d - 21*d + 420 = 0. Let x = d - -56. What is the tens digit of (x/(-42))/((-2)/(-291))?
9
Let r = 8895 - -4438. What is the tens digit of r?
3
Suppose -330 - 68 = -y + 5*w, 3*y - 5*w = 1164. Let k = y - 193. What is the hundreds digit of k?
1
Suppose -5*y + 3*o - 4*o = 207, o = -2. Let q = -45 - y. What is the units digit of q + 9 - (-1 + -83)?
9
Let j(l) = 28*l**3 + 4*l**2 - 44*l + 193. What is the units digit of j(4)?
3
Let l = -7 - -11. Suppose -3*x + 20 - 3